{"id":158,"date":"2020-04-28T00:14:24","date_gmt":"2020-04-28T00:14:24","guid":{"rendered":"http:\/\/52.201.217.16\/?page_id=158"},"modified":"2020-11-11T17:37:10","modified_gmt":"2020-11-11T17:37:10","slug":"untitled","status":"publish","type":"page","link":"http:\/\/52.201.217.16\/?page_id=158","title":{"rendered":"Ep\u00e9e"},"content":{"rendered":"\n<p><\/p>\n\n\n\n<figure class=\"wp-block-image size-large animated bounceInRight duration4 eds-on-scroll\"><img decoding=\"async\" loading=\"lazy\" width=\"1024\" height=\"251\" src=\"http:\/\/52.201.217.16\/wp-content\/uploads\/2020\/04\/epee_transparent-e1592958117373-1024x251.gif\" alt=\"\" class=\"wp-image-181\" srcset=\"http:\/\/52.201.217.16\/wp-content\/uploads\/2020\/04\/epee_transparent-e1592958117373-1024x251.gif 1024w, http:\/\/52.201.217.16\/wp-content\/uploads\/2020\/04\/epee_transparent-e1592958117373-300x74.gif 300w, http:\/\/52.201.217.16\/wp-content\/uploads\/2020\/04\/epee_transparent-e1592958117373-768x188.gif 768w, http:\/\/52.201.217.16\/wp-content\/uploads\/2020\/04\/epee_transparent-e1592958117373-1536x376.gif 1536w\" sizes=\"(max-width: 1024px) 100vw, 1024px\" \/><\/figure>\n\n\n\n<p>The \u00e9p\u00e9e (pronounced &#8220;EPP-pay&#8221;), the descendant of the dueling sword, is similar in length to the foil, but is heavier, weighing approximately 27 ounces, with a larger guard (to protect the hand from a valid hit) and a much stiffer blade. Touches are scored only with the point of the blade. The entire body is the valid target area.\u00a0 Epee fencing is &#8220;unconventional&#8221;, meaning that there are no rules as to when one may attack and when one should defend.<\/p>\n\n\n\n<p>Of the three weapons, it is the one closest to actual combat.<br>&nbsp;<\/p>\n\n\n\n<p>Unlike foil and sabre, there is no need for a special metallic vest or jacket as the entire body is valid target. The blade is wired with a spring-loaded tip at the end that completes an electrical circuit when it is depressed beyond a pressure of 750 grams. This causes a colored light and a buzzer on the machine against the one who is hit.&nbsp; Because the entire body is a valid target area, the \u00e9p\u00e9e fencer&#8217;s uniform does not include a lam\u00e9. Off-target hits do not register on the machine.<br>&nbsp;<\/p>\n\n\n\n<p>There is no &#8220;right of way&#8221; in epee. The fencer who hits first receives a point and if both fencers hit at the same time, (within 1\/25th of a second), both receive a point. Otherwise, the fencer who scores five points first or is ahead when time runs out wins the bout.<\/p>\n\n\n\n<p>\u200bWhat&nbsp;<strong>\u00e9p\u00e9e<\/strong>&nbsp;fencing looks like:<\/p>\n\n\n\n<figure><iframe loading=\"lazy\" width=\"560\" height=\"315\" src=\"https:\/\/www.youtube.com\/embed\/Ia7eYnCZC90\" allowfullscreen=\"\"><\/iframe><\/figure>\n\n\n\n<p><\/p>\n\n\n\n<p>Check out <a href=\"http:\/\/52.201.217.16\/?page_id=163\">sabre fencing<\/a> next&#8230;<\/p>\n","protected":false},"excerpt":{"rendered":"<p>The \u00e9p\u00e9e (pronounced &#8220;EPP-pay&#8221;), the descendant of the dueling sword, is similar in length to the foil, but is heavier, weighing approximately 27 ounces, with a larger guard (to protect the hand from a valid hit) and a much stiffer blade. Touches are scored only with the point of the blade. The entire body is&hellip; <br \/> <a class=\"read-more\" href=\"http:\/\/52.201.217.16\/?page_id=158\">Read more<\/a><\/p>\n","protected":false},"author":3,"featured_media":0,"parent":0,"menu_order":0,"comment_status":"closed","ping_status":"closed","template":"","meta":{"_links_to":"","_links_to_target":""},"acf":[],"_links":{"self":[{"href":"http:\/\/52.201.217.16\/index.php?rest_route=\/wp\/v2\/pages\/158"}],"collection":[{"href":"http:\/\/52.201.217.16\/index.php?rest_route=\/wp\/v2\/pages"}],"about":[{"href":"http:\/\/52.201.217.16\/index.php?rest_route=\/wp\/v2\/types\/page"}],"author":[{"embeddable":true,"href":"http:\/\/52.201.217.16\/index.php?rest_route=\/wp\/v2\/users\/3"}],"replies":[{"embeddable":true,"href":"http:\/\/52.201.217.16\/index.php?rest_route=%2Fwp%2Fv2%2Fcomments&post=158"}],"version-history":[{"count":18,"href":"http:\/\/52.201.217.16\/index.php?rest_route=\/wp\/v2\/pages\/158\/revisions"}],"predecessor-version":[{"id":837,"href":"http:\/\/52.201.217.16\/index.php?rest_route=\/wp\/v2\/pages\/158\/revisions\/837"}],"wp:attachment":[{"href":"http:\/\/52.201.217.16\/index.php?rest_route=%2Fwp%2Fv2%2Fmedia&parent=158"}],"curies":[{"name":"wp","href":"https:\/\/api.w.org\/{rel}","templated":true}]}}